 r be k(-1). Suppose r*x - 20 = 3*x. List the prime factors of x.
2, 5
Let l = -1 + 4. Let x(f) = -f**3 + 5*f**2 - 3*f - 1. List the prime factors of x(l).
2
Suppose -2*q = -5*z - 5*q + 57, -4*z - 2*q + 46 = 0. List the prime factors of z.
2, 3
Suppose 5 = -5*h - 3*v, -3*h + 4*h = 2*v + 12. Let u be 4*(1/h + -1). List the prime factors of (u/(-5))/(2/10).
2
Suppose 0*f + f = 5. Suppose -f*z + 4*k = -287, 0 = -0*k - 5*k - 15. List the prime factors of z.
5, 11
Suppose 3*c = -0*c + 135. Suppose -3*x + c = 5*h, -3*x + 4*x + h = 15. List the prime factors of x.
3, 5
Let g(r) = -r**2 - r. Let p be g(0). Suppose k - 4*a - 24 = p, -2*k + 24 = -3*a + 7*a. What are the prime factors of k?
2
Let i(z) be the third derivative of -z**6/120 + 3*z**5/20 - z**4/4 - 3*z**3/2 - 3*z**2. Suppose 0*f + 16 = 2*f. List the prime factors of i(f).
7
Suppose -x = 2*m + 2, 2*m = x - 4 - 10. List the prime factors of x.
2, 3
Suppose 3*o - 1 = 5. Suppose -o*p = -6*p + 72. What are the prime factors of p?
2, 3
Suppose 6 + 3 = x. Let z(j) = j**3 - 10*j**2 + 10*j + 6. List the prime factors of z(x).
3, 5
Let t be (-6)/4*10/(-3). Suppose t*b = b + 28. Suppose 27 = 2*f + b. What are the prime factors of f?
2, 5
Let o = 31 + -16. What are the prime factors of o?
3, 5
Let l(i) = -1 + 5*i - 1 + 0*i**2 - i**2. Let v be l(3). Suppose -2*d - 16 = -v*y + 2*d, 3*d - 37 = -4*y. List the prime factors of y.
7
Let l(c) = 75*c**3 + c**2 - c. Let s be l(1). Suppose -4*y = -y - s. List the prime factors of y.
5
Let h = -201 - -287. What are the prime factors of h?
2, 43
Let l(q) = 6 - 6*q + 0*q**2 - 7*q + 8*q - q**2. Let p be l(-5). Suppose -42 = -4*x - 2*d, 5*d + 77 = -2*x + p*x. What are the prime factors of x?
13
Let n = 20 + -41. Let s = n + 34. What are the prime factors of s?
13
Let h(u) = -u - 1. Let b(i) = -11*i**2 + 3. Let n(w) = -b(w) - 2*h(w). Suppose -4*d + 2 + 2 = 0. List the prime factors of n(d).
2, 3
Suppose 4*h - 28 + 8 = 0. Let t(p) = 2 - p**2 + 1 - 2*p + 8*p. What are the prime factors of t(h)?
2
Suppose -3*t - 1 = a, 0 = 3*a + a + 4*t - 4. Suppose -2*d + 5*d = a*x + 9, -12 = -4*d - 3*x. Suppose b = d + 2. List the prime factors of b.
5
Let z be -2*(-2)/(-2) - -4. Let f(h) = -2*h + 0 - h**z - 4*h + 5. What are the prime factors of f(-5)?
2, 5
Let t(m) = -m**2 + 13*m - 14. Let u be t(12). Let f = 6 + u. What are the prime factors of f?
2
Let h(u) be the second derivative of -u**4/12 - 5*u**3/6 + u**2/2 - u. Let x be h(-4). Suppose 0 = 3*i - 2*i - x. List the prime factors of i.
5
Let z be 2 + (-2)/(0 - -2). Suppose 2*a - 7*a = 3*i - 31, a - 2*i - z = 0. What are the prime factors of a?
5
Let z = -46 - -74. Suppose -9 = -3*a, -z = -5*j - 5*a - 3. Let m(i) = i**3 + i**2 + i - 2. What are the prime factors of m(j)?
2, 3
Let v = 34 + 52. List the prime factors of v.
2, 43
Suppose -1 = -2*b - 3. Let c = b - -1. Suppose c = -5*p + 24 + 66. What are the prime factors of p?
2, 3
Let t = -9 + 2. Let x(g) = -g**2 - 6*g + 9. Let m be x(t). Suppose 0 = -m*h + 5*s - 2*s, 4*h - 3*s - 12 = 0. List the prime factors of h.
2, 3
Suppose -t + 3 = 7, -5*b - t = -326. List the prime factors of b.
2, 3, 11
Suppose f + 18 = -2*f. Let j be f/(-3)*(1 - 0). Suppose 0*k + j*k = 4. List the prime factors of k.
2
Suppose 0 = -8*z - 6*z + 504. What are the prime factors of z?
2, 3
Let b(z) = z**3 + 11*z**2 - 2*z - 14. Let q be -12 + -1*(-1 - 0). What are the prime factors of b(q)?
2
Let m(u) = -11*u - 37. What are the prime factors of m(-21)?
2, 97
Suppose 0 = -p - h + 56, -p + 2*p = h + 48. What are the prime factors of p?
2, 13
Suppose 3*o = o + 22. Suppose -o*s + 6*s = -70. What are the prime factors of s?
2, 7
Let u(k) = 6*k**2 + 1. Let x be u(4). Suppose 4*m - 126 = -4*n - m, 3*n - x = -5*m. What are the prime factors of n?
29
Let y(i) = -i**3 + 13*i**2 + 2*i - 12. List the prime factors of y(11).
2, 3, 7
Let y be 68/6 - (-10)/15. Let w = 12 + y. List the prime factors of (w/32)/(1/24).
2, 3
Suppose 2*g + 2*x = 9 - 21, 3*x - 17 = 4*g. Let f(u) = 4 - 3*u + 3 - 6*u**2 - u - u**3. What are the prime factors of f(g)?
2
Suppose 3*w + 4*r = 768, -3*w + 2*r + 783 = r. What are the prime factors of w?
2, 5, 13
Let k be 14/6 + (-4)/(-6). Suppose 2*j - 71 = -k*s + j, -2*s + 46 = j. Suppose 2*t - v = 9, -3*v = -5*t - v + s. List the prime factors of t.
7
Let i = 2 + 3. Suppose -3*d + 22 = -3*a - 17, i*d - a - 45 = 0. List the prime factors of d.
2
Let m = 108 - 182. What are the prime factors of (9 - 11)*m/4?
37
Let i = 22 + -41. Let c = i + 32. What are the prime factors of c?
13
Suppose -2*w + 126 = 2*d, -w - d + 72 = 3*d. List the prime factors of w.
2, 3, 5
Suppose 4*x - 4*j - 32 = 0, 2*x + 3*j = -0 + 6. Suppose -x*i + 15 = -i. List the prime factors of i.
3
Suppose 0 = 2*w - 4*i + i + 19, 2*w - 11 = -3*i. Let l(t) = -5*t - 2. Let o be l(w). Let a(p) = p**2 - 7*p - 2. What are the prime factors of a(o)?
2, 3
Let u = 3 + -1. Suppose -2 = 2*y - 8. Suppose -y*m = -2*m - u. List the prime factors of m.
2
Suppose 4*s - 22 = 2*s. Let y = s + 3. List the prime factors of y.
2, 7
Suppose 4*k - 8*k + 1368 = 0. List the prime factors of 2/(-2) + k/9.
37
Suppose -4*r - 5 = r, 3*s - 3*r - 18 = 0. Let f(y) = -y**2 - 6. Let x be f(s). What are the prime factors of 2/(-6) - x/3?
2, 5
What are the prime factors of (4/(-10))/((-15)/225)?
2, 3
Suppose -5*k = -5*i + 65, -2*i - 3*k + 2*k + 23 = 0. Let w be 0/((i/3)/2). Suppose j + 2*j - 18 = w. What are the prime factors of j?
2, 3
Let q(l) = 7*l - 2. Let b be q(-2). Let d be 108/b - 2/8. Let n = -1 - d. List the prime factors of n.
2, 3
Let k(i) be the third derivative of i**6/120 - i**5/10 + i**4/8 + i**3/3 - 4*i**2. Let q be k(5). What are the prime factors of (-12)/q*(-14)/(-3)?
7
Suppose 144 = 4*u + 3*s, 0 = -s + 4. List the prime factors of u.
3, 11
Let m = 226 + -105. List the prime factors of m.
11
Suppose -3*g + 8*g = 10. List the prime factors of g.
2
Let r = 24 - 4. Suppose 28 = 2*g + 3*l, -r = -g - 2*l - l. List the prime factors of ((-4)/g)/((-2)/12).
3
Let r(q) = q + 3. Let t be r(-5). Let l = 6 + t. What are the prime factors of ((-42)/9)/(l/(-6))?
7
Let p be 112/18 + (-4)/18. List the prime factors of (-22)/p*(5 + -11).
2, 11
Let c = 240 - 136. What are the prime factors of c?
2, 13
Let l = 32 - 12. Let x = l - 6. Let h = x + -8. List the prime factors of h.
2, 3
Suppose -506 = -9*n - 56. What are the prime factors of n?
2, 5
Let b(s) = -5*s. Let a(n) = -2*n + 10. Let o be a(7). Let l = o - -3. List the prime factors of b(l).
5
Let h(b) = -b**3 - 17*b**2 - 2*b - 6. List the prime factors of h(-17).
2, 7
Let l(b) = b**3 - 10*b + 8. Let z(c) = 2*c**3 + c**2 - 21*c + 17. Let q(x) = -7*l(x) + 3*z(x). Let n be q(4). Let m = n - 4. What are the prime factors of m?
3
List the prime factors of (-6 - (0 + -8))/(4/438).
3, 73
Suppose -8*t + 3*t = -10. Suppose -t*r + 32 = 2*r - 5*m, 10 = 2*r - 4*m. List the prime factors of r.
13
Suppose 0 = 2*p + 4*k + k + 45, 0 = 4*p - 2*k + 78. Let l = 38 + p. List the prime factors of l.
2, 3
Let y = 24 + -13. List the prime factors of y.
11
Let f be 3/5 + (-6)/10. What are the prime factors of f + 0 - (0 + -3)?
3
Let n be 8/5 + 2/5. Let s(d) = -2*d - 9. Let t(o) = 2*o + 8. Let b(h) = n*t(h) + 3*s(h). List the prime factors of b(-10).
3
Suppose -2*i = -i - 38. List the prime factors of i.
2, 19
Let l(j) = -j**3 + 9*j**2 + j - 7. Let f be l(9). Suppose -2*s + 3*v - 5 = -16, 0 = f*s + 3*v - 17. What are the prime factors of s?
7
Suppose -w - 1 = -4. Suppose -2*h + 3*h = -5*m + 20, -w*h = 2*m - 8. Let k(b) = 2*b**2 - 3*b - 2. What are the prime factors of k(m)?
2, 3
Let c = 13 - -4. Let m = c - 12. Suppose 0 = -k + 3 + m. List the prime factors of k.
2
Let r be ((-194)/1)/(-1 + 2). Let l = -126 - r. What are the prime factors of l/6 - 2/6?
11
Let x(k) = k**2 - 5*k + 2. Let f be x(5). List the prime factors of 30/(-4)*(f + -4).
3, 5
Let d be (-1)/(-5) + 482/(-10). List the prime factors of (-92)/d*3*4.
23
Let z = -2 - -38. List the prime factors of z.
2, 3
Let h be (3 - 2) + 2 + -7. Let w be (-9)/3*h/6. Suppose w*r = 2 + 4. List the prime factors of r.
3
Suppose i - 2 = 2, 5*i = g - 53. Suppose 4*f = 8, 5*f + 1 = 3*m - g. What are the prime factors of m?
2, 7
Let t be 41/3 + (-2)/3. Suppose 0 = 4*r - 3*r + 2*d - t, -4*d - 12 = 0. 